t are the prime factors of 75448?
2, 9431
What are the prime factors of 21843036?
2, 3, 199, 3049
What are the prime factors of 2565476?
2, 673, 953
List the prime factors of 1701505.
5, 13, 26177
List the prime factors of 1299759.
3, 433253
What are the prime factors of 7201984?
2, 43, 2617
List the prime factors of 362483.
11, 31, 1063
What are the prime factors of 1947555?
3, 5, 113, 383
List the prime factors of 2157503.
2157503
What are the prime factors of 1077487?
401, 2687
What are the prime factors of 584896?
2, 13, 19, 37
What are the prime factors of 666900?
2, 3, 5, 13, 19
List the prime factors of 522661.
522661
What are the prime factors of 118215?
3, 5, 37, 71
List the prime factors of 1280932.
2, 431, 743
What are the prime factors of 562499?
7, 107, 751
List the prime factors of 1219405.
5, 11, 22171
What are the prime factors of 17797538?
2, 11, 17, 23, 2069
What are the prime factors of 21960667?
167, 131501
List the prime factors of 6134.
2, 3067
List the prime factors of 6034435.
5, 11, 109717
What are the prime factors of 382064?
2, 23879
What are the prime factors of 240486?
2, 3, 149, 269
What are the prime factors of 21274712?
2, 2659339
What are the prime factors of 3989046?
2, 3, 67, 9923
What are the prime factors of 348636?
2, 3, 17, 1709
List the prime factors of 143694.
2, 3, 887
List the prime factors of 1324813.
7, 19, 1423
List the prime factors of 1502231.
89, 16879
List the prime factors of 42087.
3, 14029
What are the prime factors of 17551960?
2, 5, 29, 15131
What are the prime factors of 88103?
19, 4637
What are the prime factors of 2276433?
3, 252937
What are the prime factors of 407838?
2, 3, 101, 673
What are the prime factors of 239467?
43, 5569
What are the prime factors of 4352261?
109, 39929
What are the prime factors of 144602?
2, 17, 4253
What are the prime factors of 2016586?
2, 11, 13, 641
List the prime factors of 878924.
2, 219731
List the prime factors of 23868878.
2, 11, 1084949
What are the prime factors of 2329610?
2, 5, 232961
List the prime factors of 154243.
154243
What are the prime factors of 206288?
2, 12893
List the prime factors of 1085517.
3, 103, 1171
What are the prime factors of 3372239?
13, 17, 15259
What are the prime factors of 937440?
2, 3, 5, 7, 31
List the prime factors of 911191.
23, 173, 229
List the prime factors of 232675.
5, 41, 227
List the prime factors of 2243557.
233, 9629
What are the prime factors of 1278438?
2, 3, 7, 61, 499
What are the prime factors of 16047914?
2, 8023957
What are the prime factors of 46892?
2, 19, 617
List the prime factors of 13704348.
2, 3, 7, 163147
What are the prime factors of 3419370?
2, 3, 5, 37993
List the prime factors of 1155724.
2, 288931
List the prime factors of 61592.
2, 7699
List the prime factors of 1462551.
3, 59, 8263
What are the prime factors of 2279158?
2, 7, 263, 619
What are the prime factors of 3621977?
3621977
What are the prime factors of 202203?
3, 7489
List the prime factors of 11641.
7, 1663
List the prime factors of 10132918.
2, 17, 47, 373
What are the prime factors of 143156?
2, 13, 2753
What are the prime factors of 173609?
127, 1367
What are the prime factors of 963358?
2, 11, 43789
What are the prime factors of 234108?
2, 3, 7, 929
What are the prime factors of 13464086?
2, 137, 49139
List the prime factors of 8667722.
2, 7, 17, 79, 461
List the prime factors of 5714816.
2, 44647
List the prime factors of 4315025.
5, 11, 13, 17, 71
List the prime factors of 2502147.
3, 23, 36263
List the prime factors of 305522.
2, 7, 139, 157
List the prime factors of 4675764.
2, 3, 37, 10531
List the prime factors of 262174.
2, 11, 17, 701
What are the prime factors of 470266?
2, 73, 3221
What are the prime factors of 4703122?
2, 461, 5101
What are the prime factors of 3866?
2, 1933
List the prime factors of 452747.
43, 10529
List the prime factors of 426338.
2, 11, 19379
List the prime factors of 3417307.
3417307
List the prime factors of 636237.
3, 7, 10099
List the prime factors of 2905551.
3, 11, 1087
What are the prime factors of 1201155?
3, 5, 80077
List the prime factors of 1507927.
89, 16943
List the prime factors of 103018.
2, 19, 2711
What are the prime factors of 36962?
2, 18481
List the prime factors of 2070791.
19, 73, 1493
What are the prime factors of 82075?
5, 7, 67
List the prime factors of 437367.
3, 7, 59, 353
List the prime factors of 736684.
2, 13, 31, 457
List the prime factors of 4339598.
2, 2169799
What are the prime factors of 11858615?
5, 1301, 1823
List the prime factors of 634943.
634943
List the prime factors of 353221.
11, 163, 197
List the prime factors of 737625.
3, 5, 7, 281
List the prime factors of 10286.
2, 37, 139
What are the prime factors of 3607029?
3, 179, 2239
List the prime factors of 492765.
3, 5, 7, 13, 19
List the prime factors of 1639123.
17, 96419
List the prime factors of 719686.
2, 11, 32713
What are the prime factors of 1543784?
2, 11, 53, 331
What are the prime factors of 32177514?
2, 3, 5362919
List the prime factors of 1603626.
2, 3, 267271
What are the prime factors of 254018?
2, 107, 1187
What are the prime factors of 537203?
37, 14519
List the prime factors of 119578.
2, 17, 3517
List the prime factors of 14550208.
2, 61, 3727
What are the prime factors of 98990?
2, 5, 19, 521
List the prime factors of 131690.
2, 5, 13, 1013
What are the prime factors of 399168?
2, 3, 7, 11
List the prime factors of 69580.
2, 5, 7, 71
List the prime factors of 151208.
2, 41, 461
What are the prime factors of 916407?
3, 33941
What are the prime factors of 6228638?
2, 13, 41, 5843
List the prime factors of 23849.
7, 3407
What are the prime factors of 300630?
2, 3, 5, 11, 911
List the prime factors of 1149520.
2, 5, 14369
List the prime factors of 4277503.
61, 70123
List the prime factors of 12541947.
3, 11, 380059
What are the prime factors of 595677?
3, 23, 89, 97
What are the prime factors of 6926235?
3, 5, 103, 4483
List the prime factors of 1577156.
2, 7, 23, 31, 79
What are the prime factors of 6594098?
2, 7, 471007
List the prime factors of 151468.
2, 19, 1993
List the prime factors of 2985041.
157, 19013
List the prime factors of 8869981.
41, 47, 4603
What are the prime factors of 2966440?
2, 5, 74161
What are the prime factors of 305724?
2, 3, 73, 349
What are the prime factors of 6777724?
2, 269, 6299
List the prime factors of 788059.
61, 12919
List the prime factors of 7153447.
7, 17, 47, 1279
List the prime factors of 2013076.
2, 13, 38713
List the prime factors of 31574777.
13, 83, 2251
List the prime factors of 5335248.
2, 3, 41, 2711
List the prime factors of 105913.
105913
What are the prime factors of 3152018?
2, 31, 50839
List the prime factors of 3921745.
5, 784349
What are the prime factors of 1152488?
2, 144061
List the prime factors of 159391.
19, 8389
List the prime factors of 711036.
2, 3, 19751
List the prime factors of 249349.
389, 641
What are the prime factors of 12957929?
12957929
List the prime factors of 809828.
2, 193, 1049
What are the prime factors of 1710722?
2, 13, 19, 3463
What are the prime factors of 4038345?
3, 5, 43, 2087
List the prime factors of 7292251.
7292251
What are the prime factors of 795249?
3, 7, 13, 971
What are the prime factors of 789335?
5, 157867
What are the prime factors of 14462563?
17, 811, 1049
List the prime factors of 2471574.
2, 3, 7, 83, 709
What are the prime factors of 119103?
3, 29, 37
What are the prime factors of 19299664?
2, 1206229
List the prime factors of 880902.
2, 3, 11, 1483
What are the prime factors of 773455?
5, 154691
What are the prime factors of 761515?
5, 17, 31
What are the prime factors of 3245337?
3, 360593
List the prime factors of 37814.
2, 7, 37, 73
List the prime factors of 1443252.
2, 3, 43, 2797
List the prime factors of 37399744.
2, 313, 1867
List the prime factors of 948635.
5, 23, 73, 113
List the prime factors of 878158.
2, 37, 11867
What are the prime factors of 2600426?
2, 23, 56531
What are the prime factors of 5531839?
439, 12601
What are the prime factors of 8490?
2, 3, 5, 283
What are the prime factors of 232574?
2, 103, 1129
What are the prime factors of 21407923?
21407923
List the prime factors of 13557.
3, 4519
List the prime factors of 7989254.
2, 7, 13, 6271
List the pri